pose 5*q = -0*q + 45. Let t(k) = -k**3 - 2*k**2 + 7*k - 4. Let i be t(5). Let p = 243 + i. Calculate the highest common factor of q and p.
9
Let t be (-1674)/(-1395)*(6/24)/((-3)/(-30)). Let q = 26 + -17. Let f = -6 + q. Calculate the greatest common factor of f and t.
3
Let y(f) = -1058*f + 17. Let q be y(-5). What is the greatest common divisor of q and 732?
183
Let f = 525 + -302. Suppose -73 = 2*n - f. Calculate the highest common divisor of n and 15.
15
Suppose 4*u = -4*d - 20 + 2372, -5*d = -3*u - 2916. Suppose 16*o - d = 135. Calculate the highest common factor of o and 60.
15
Let x = 34 - 6. Suppose 70*c + 8018 = -5212. Let w be c/((-10)/(-8) - (5 + -3)). What is the highest common divisor of w and x?
28
Let j(k) = 5 - 4 - 2 + k. Let s be 3 + 65/15 - (-4)/6. Let d be j(s). What is the highest common divisor of 77 and d?
7
Let y = -224 + 228. Suppose -112 - 36 = -y*o + 4*w, 4*o = -w + 138. What is the greatest common divisor of 21 and o?
7
Let c(p) = -p**2 + 7*p - 3. Let b be c(8). Let k be 0/2*b/(-22). Suppose a + 1 - 16 = k. What is the greatest common divisor of 75 and a?
15
Let z(r) = 2*r**3 + 337*r**2 + 495*r - 705. Let p be z(-167). Calculate the highest common factor of p and 451.
11
Let n(f) = f**2 - 11*f + 8. Let o = 117 + -46. Suppose -h - 3*h + 3*t = -43, -o = -5*h - 2*t. Let b be n(h). What is the highest common factor of b and 17?
17
Let m = 5959 + -5192. Calculate the highest common divisor of 590 and m.
59
Suppose 7*a + 18 = 6*a. Let h be (a/(-21))/(-3) - 160/28. Let s be 15 - -2 - 6/(h/(-2)). Calculate the highest common divisor of 75 and s.
15
Let d = -2708 - -10616. What is the greatest common divisor of d and 48?
12
Suppose 150*x - 56*x + 54 = 524. Let s(f) = f. Let i(j) = -j + 1. Let b(w) = -7*i(w) - 6*s(w). Let r be b(8). What is the greatest common divisor of x and r?
1
Let g(v) = v**2 + 17*v + 16. Let i be g(-9). Let t = i - -63. Suppose -8*r + 78 = -t*r. What is the highest common factor of 26 and r?
26
Suppose -339 - 14739 = -7*m. Calculate the highest common factor of 6 and m.
6
Suppose 0 = 3*k - 2*k - 32. Let u(n) = -165*n + 2579. Let h be u(15). Calculate the greatest common factor of h and k.
8
Let r be 50/(26 - 36) - -2450. What is the greatest common divisor of 345 and r?
15
Suppose 199*d + 32*d = 129591. Calculate the highest common divisor of d and 8602.
187
Suppose -9 = -65*x + 62*x. Suppose x*s - 626 = -392. Calculate the highest common divisor of 234 and s.
78
Suppose 16 + 16 = 4*x + 4*d, 2 = d. Let m be x/6 + -1 - -18. Suppose 8 = -0*i + 4*i. What is the highest common factor of i and m?
2
Let u = 194 - 146. Suppose 72 = 3*w + 5*n, -2*w + 19*n + u = 14*n. Calculate the highest common divisor of 18 and w.
6
Let w be 1/2 - 1343/(-34). Let q(a) = -3*a + 37. Let y be q(9). Suppose -5*p - 21 = -c, c - y - 8 = 2*p. Calculate the highest common divisor of w and c.
8
Let j(d) = -893*d. Let m be j(-1). Let h = 131104 + -131066. Calculate the greatest common divisor of h and m.
19
Let z be (-1)/2*1*0. Suppose z = 6*o + o - 42. Let b be o/((-5)/10*-3). Calculate the highest common factor of b and 20.
4
Suppose -625 = -4*l - 1. Suppose 2*a - l = -5*m, -a = 3*m + m - 84. Suppose 3 = -5*v + a. Calculate the greatest common divisor of 26 and v.
13
Let d be (-3)/((-2)/(-4) + -2). Let h(b) = -b. Let y(m) = -6*m + 11. Let s(f) = d*h(f) - y(f). Let o be s(23). What is the greatest common factor of 9 and o?
9
Let g(u) = -u**3 - 4*u**2 - 18*u - 27. Let b be g(-3). What is the greatest common factor of b and 606?
6
Suppose 2901 = 3*w + 13*b - 9*b, 948 = w - 5*b. Calculate the highest common divisor of w and 4922.
107
Let t = 99 + -197. Let a = -90 - t. Let s(u) = -13*u - 6. Let q be s(-6). Calculate the greatest common factor of q and a.
8
Let i(h) = 18*h - 633. Let q be i(83). What is the highest common divisor of 231 and q?
21
Let d(o) = 2*o**2 - 15*o - 7. Let j be d(8). Suppose 0 = -l + j - 5, -i - 5*l + 385 = 0. Calculate the greatest common divisor of 15 and i.
15
Let a = -4 + 6. Let p(i) = 10*i - 1. Let q be p(a). Let c(t) = -t**2 + 21*t + 661. Let g be c(-14). Calculate the greatest common factor of g and q.
19
Let n be (10 - 31) + 20 + (4 - 2 - -167). Calculate the highest common divisor of 357 and n.
21
Suppose 51*r - 5510 + 1838 = 0. Calculate the highest common divisor of 78 and r.
6
Suppose 22 = b + j - 5*j, -3*b + 4*j = -82. Let d(f) = -f + 47. Let k = 230 - 213. Let h be d(k). What is the greatest common divisor of h and b?
30
Let c(y) = -3*y**3 + 2*y**2 + 10. Let p be c(3). Let l = p - -69. What is the highest common divisor of 24 and l?
8
Let s be -1 + 2 + (-59)/(-1). Let n be ((-10)/(-4))/(5/244). Let g be n/8 + (-15 - 354/(-24)). What is the highest common divisor of s and g?
15
Suppose -4 = -3*k + 23, -11*k = -5*g - 64. Let p(d) = 3*d**2 - 4*d + 1. Let a be p(-6). What is the highest common factor of g and a?
7
Let y be 30/(-9)*12/(-8). Let h be 536/6 - y/15. Let q = h + -68. Calculate the greatest common factor of q and 63.
21
Let p = -9487 + 9513. What is the greatest common divisor of p and 3250?
26
Suppose -4*y = -u - 4884, 1228 + 2426 = 3*y - 3*u. What is the highest common divisor of y and 188?
94
Suppose 1671867 = 25*y + 66*y - 148679. What is the greatest common divisor of 14 and y?
14
Let r = 12974 - 9204. What is the highest common divisor of 520 and r?
130
Suppose 2*x = -10*c + 11*c + 11, -5*x = -5*c - 35. Suppose b = d + 141 - 7, 535 = x*b - 5*d. Calculate the greatest common factor of b and 165.
15
Let q(w) = -53*w**2 - w - 2. Let n be q(-1). Suppose -366 = 7*j - j. Let l = n - j. Calculate the highest common factor of 56 and l.
7
Suppose -869*g = -5*b - 866*g + 14614, 0 = 2*b - 5*g - 5857. Calculate the highest common divisor of b and 299.
23
Suppose -3*n = -2*x - 182, 4*x + 408 - 344 = n. Calculate the highest common factor of n and 225.
15
Let g be 7116/66 + 6/33. Suppose 192*h - 149760 = -639*h - h. What is the greatest common divisor of g and h?
36
Let c = -120509 - -120523. Let n be 1/2 + 250/4. What is the highest common factor of n and c?
7
Let f be -3*17/(-3) + 3. Suppose 80*v = y + 76*v - 31, -4*y - 5*v + 40 = 0. Calculate the greatest common divisor of y and f.
5
Let g be 2/(-22) + 426622/341. What is the greatest common divisor of g and 695?
139
Suppose k - 172*l + 10 = -167*l, -k = 5*l - 50. Suppose 5*a - 408 = -2*i, 0*a = -5*a + 4*i + 384. What is the highest common factor of k and a?
20
Suppose 2*o + 41 = m, 50922*o + 682 = 11*m + 50921*o. Let f = 162 + 909. Calculate the highest common factor of f and m.
63
Let h(k) = 216*k**2 - 143*k - 143. Let d be h(-1). Calculate the greatest common divisor of d and 552.
24
Suppose 5*j + 10 = 0, -36*j = -3*q - 34*j + 304. Let o = -6 + 16. Calculate the greatest common factor of o and q.
10
Let o = 10 + -6. Let a be (224 + 1)*(-12)/(-30). Suppose 0 = -a*u + 89*u + 2. What is the highest common factor of o and u?
2
Let j = -5 + 69. Suppose -5*m = -135 - 85. Suppose k - m - 52 = 0. What is the highest common divisor of k and j?
32
Let j = -44 - -78. Suppose 241423 = 1320*h - 50297. What is the highest common divisor of j and h?
17
Let p(g) = -3*g**3 - g**2 + 4*g + 2. Let v be p(-3). Let i = 73 - v. Calculate the highest common factor of 99 and i.
11
Let t be ((-16)/4)/(2/(-234)). Suppose -5*h - t = -4*p, 5*h - 10*h - 20 = 0. What is the greatest common divisor of p and 80?
16
Let m be (1582/(-63))/(19/(-171)). What is the highest common divisor of m and 6667?
113
Let v = 2775 + -2753. What is the highest common factor of v and 4202?
22
Let i(q) = -5*q - 30. Let t be i(-11). Suppose -2*w + t = -7*b + 4*b, 0 = 3*b + 9. What is the highest common factor of w and 72?
8
Let g be 3/7 + (-28884)/(-812). Calculate the highest common factor of g and 5652.
36
Let p(r) = 25*r - 4099. Let w be p(166). Calculate the greatest common divisor of w and 1377.
51
Suppose 17*z - 117 = 4*z. Let f = 713 - 380. Calculate the highest common divisor of f and z.
9
Let i(b) = -8*b - 6. Let f be i(-3). Suppose -10 = 2*q - 5*k, 7*k = -q + 4*k + 17. Let g be 2/10 + 89/q. Calculate the greatest common factor of f and g.
18
Suppose 21*k - 3330 = 19*k + 4*g, -5*g - 1665 = -k. What is the highest common divisor of k and 111?
111
Let t be -1501*8/(24 + -8)*-2. What is t